 = -4*s + 201745, 0 = -4*s - 4*t + 201744. Is s composite?
True
Suppose -2 + 59 = -3*h. Let l = h + 4. Is ((-84)/l)/(2/5) a composite number?
True
Let z(m) be the second derivative of -m**3/6 + m**2/2 + 13*m. Let c be z(1). Suppose r = -c*r + 719. Is r prime?
True
Let n = 4153 - 2676. Is n a prime number?
False
Let q(a) = -2*a**2 + 41*a + 27. Let u be q(21). Suppose -s = -4*v - u*s + 23879, -11940 = -2*v - 2*s. Is v composite?
True
Suppose 73827 = 7*d - 97680. Is d prime?
False
Suppose -4*r = 2*y - 0*y - 400288, 0 = -5*r + 15. Is y prime?
False
Let w be (-63)/(-28) - (-1)/(-4). Is ((-7)/(35/30))/w - -414 prime?
False
Let v(q) = 204*q**3 + 10*q**2 - 16*q + 381. Is v(14) prime?
False
Let y(a) = a**3 - 9*a**2 + 68. Let x be y(8). Suppose 3*l = x*f + 2137, 5*l = 15*f - 11*f + 3575. Is l a composite number?
False
Suppose 0 = -5*i - 47861 + 403531. Suppose -i + 4223 = -13*k. Is k composite?
False
Let f = 317 + -247. Suppose -f*c = -85*c + 225195. Is c a composite number?
False
Suppose -449*x + 361*x = -17947952. Is x a composite number?
True
Let n = 2499 + 9054. Is n composite?
True
Let x(k) = 161*k**3 + 33*k - 113. Is x(12) a prime number?
True
Suppose 10281 = -12*l - 68295. Is (6/12*l)/(4/(-2)) a prime number?
True
Let r(q) = -9*q**3 - 10*q**2 - 3*q + 1. Let l be r(-1). Suppose 5*g = 4*u - 106487 - 6984, 2*u + l*g = 56741. Is u a prime number?
False
Let y(r) = -r**3 - 12*r**2 + 15*r + 28. Let s be y(-13). Suppose o - s*o = 4*o. Suppose o = 2*b - 3*b + 1061. Is b prime?
True
Is (6/(-12))/(5 + 5477724/(-1095544)) a composite number?
False
Let z(o) = 2470*o**2 + 41*o - 65. Is z(2) a composite number?
True
Let l(c) = 192*c - 6. Let q be l(15). Let p = -507 + q. Let m = p - 1688. Is m a composite number?
True
Let l(o) = -7921*o - 305. Is l(-4) a composite number?
False
Suppose -6*b - 393711 = -75*b - 87282. Is b composite?
False
Let w = 52216 + -26961. Is w composite?
True
Suppose 0 = -20*w + 19*w + 12. Let s(h) = 4*h - 44. Let b be s(w). Suppose 219 = x - b*d, 2*x - 2*d - 57 = 411. Is x composite?
False
Let i(g) = 19*g - 38. Let b be i(2). Suppose 37*a - 39*a + 19178 = b. Is a a prime number?
False
Let i(q) = 9*q**3 - 3*q**2 - 11*q + 40. Let l be i(7). Let h = l + 206. Is h prime?
True
Suppose 0 = -2*h + 2, -4*m + 10*h - 8*h = -98. Suppose m*q + 1269 = 16*q. Let g = 304 + q. Is g composite?
False
Let a = 583 + 267. Suppose 6*w - a = 1796. Is (w - -2) + (-1 - -1) prime?
True
Let z(x) be the third derivative of 419*x**4/6 + 19*x**3/6 - 7*x**2 + 7*x. Is z(2) prime?
True
Let q(j) be the second derivative of -j**5/10 - j**4/4 + j**3/2 + j**2/2 + 13*j. Let d be q(-3). Suppose -3*g - d = -310. Is g composite?
False
Let j be (1685/10 + -5)*44. Suppose -7*a = -33941 + j. Is a composite?
False
Suppose -157400 = -6*d + d. Let o(h) = -h**2 - 20*h + 48. Let g be o(-22). Suppose g*a = 12*a - d. Is a composite?
True
Let q = 4775 + -2783. Let r = 3143 - q. Is r composite?
False
Let p(k) = k**3 + 9*k**2 + 6*k - 18. Let m be p(-6). Suppose -232 - m = y. Let h = y + 537. Is h composite?
False
Let w(r) = 266*r**3 - r**2 + 11*r + 5. Is w(4) a prime number?
False
Let f be 6/21 - (-125)/175. Is (f - (0 + 0))/(1/1511) composite?
False
Suppose 294386 = 33*q + 28*q. Is (q/(1/(-1)))/(-178 + 176) a composite number?
True
Let l be -30*((-36)/20 - -1). Suppose -3*r - 18 = -l. Suppose o + 357 = 3*i - i, -r*i - 4*o = -352. Is i composite?
True
Suppose -13*n + 152432 = 4*i - 9*n, 2*n + 190575 = 5*i. Is i prime?
True
Let y = 235 - 241. Is y/(-33) + (-299538)/(-198) composite?
True
Suppose 2*o = 12, -z + 71*o - 67*o = -735665. Is z prime?
True
Suppose 7*z = -11*z + 613458. Suppose -3*u + z + 11474 = 0. Is u composite?
True
Let w(y) = 18*y - 19. Let c(u) = 34*u - 35. Let d(i) = 6*c(i) - 11*w(i). Is d(22) a composite number?
False
Let i = -42695 - -102994. Is i composite?
True
Let c = 66595 - -467418. Is c a composite number?
False
Let u(v) = 1338*v - 83. Suppose -4*z - 7*z + 143 = 0. Is u(z) a composite number?
True
Let r(k) = -25*k**2 + 8*k + 10. Let z(j) = -3*j - 10. Let o be z(-2). Let i(u) = 26*u**2 - 8*u - 9. Let g(v) = o*i(v) - 5*r(v). Is g(-9) a prime number?
True
Suppose 2*t = 5*t + 5*b - 1452958, 40*t + b - 19372839 = 0. Is t prime?
False
Suppose 3*p + 8 = 7*p. Let h(j) = -p*j**2 + 7 + j**2 + 12 + 39. Is h(0) a composite number?
True
Let j(f) = 749*f**2 - 366*f - 3. Is j(10) prime?
True
Let n = 132878 + -57675. Is n composite?
True
Let x(k) = 15*k - 26*k - 13*k - k**2 - 4 - 2. Let q be -15*(-5 + (64/6 - 5)). Is x(q) composite?
True
Suppose 19974 = 2*c + 2*a, -a - a = 10. Let q = c + -4051. Is q composite?
True
Let h(d) = 3*d**2 + 2*d + 11. Let v = -45 + 47. Suppose 5*j - 2*j + 5*o = -v, j = -o + 2. Is h(j) prime?
True
Let h(x) = 135*x + 5. Let l be h(3). Let u = l - 264. Is u composite?
True
Let w(g) = -3*g + 6. Let p be w(6). Let o = 14 + p. Suppose o*z - 7833 = -z. Is z prime?
False
Let q = 600 + -101. Suppose -2*d - 10152 = -5*l - q, 5*d - 9660 = -5*l. Is l composite?
False
Suppose 5*z + 548*i - 501984 = 549*i, 0 = -z - i + 100398. Is z composite?
True
Suppose -1 = 2*k - 11. Suppose -2*a + 9 = k. Suppose 4*r = 0, 3*g - r + a*r - 921 = 0. Is g prime?
True
Let d(x) = 440*x**3 - 150*x**3 - 18*x**2 - 144*x**3 - 49*x - 3*x**2 - 7 - 148*x**3. Is d(-17) a composite number?
False
Let q(d) = -14 + 42*d**2 - 79*d - 77*d + 157*d. Is q(7) a prime number?
False
Let a = 53383 + -37994. Is a a prime number?
False
Is (90/(-90))/((-3)/462663) composite?
True
Let r(n) = 121*n**3 + n**2 + 5*n - 5. Suppose 43*a - 36*a + 21 = 0. Let b be r(a). Let m = b + 5167. Is m a prime number?
True
Let v(y) = -1 - 217*y - 40*y + 1. Let d be v(-1). Is (-1)/(-3) - d/(-3) composite?
True
Let b(y) = 14*y**3 + 14*y**2 - 22*y + 169. Is b(7) composite?
False
Let f = -3872 - -6677. Let a = 5564 - f. Is a composite?
True
Let k = -76886 + 127359. Is k a prime number?
False
Let z = 10496 + -7106. Suppose 0 = -2*y + c + 15234, -y + z = 4*c - 4209. Is y prime?
False
Let n(l) = 8392*l + 4311. Is n(44) composite?
True
Let y(f) be the second derivative of -3*f**5/10 - f**4/6 - 5*f**3/3 - 21*f**2/2 + 104*f. Is y(-9) prime?
False
Let j be ((-175)/(-1) + -3)*(-10)/(-8). Suppose 0 = 2*l + 3*w + 57 - j, 174 = 2*l - w. Is l composite?
True
Let m be (12484/4)/(3/6). Suppose p = 3*y - m, 0 = -5*y + 3*p - p + 10403. Is y a composite number?
False
Let p(m) be the second derivative of -71*m**4/4 - m**3 - 3*m**2/2 + 21*m. Let h be p(-3). Let d = -209 - h. Is d composite?
False
Let d be (-48230)/(-8) - (-42)/(-56). Suppose 26962 = 9*z + d. Is z a composite number?
True
Suppose -1234 = -1206*h + 1205*h + 5*u, 3*h - 3618 = 3*u. Is h a prime number?
False
Let p(a) = 91*a**2 - 21*a - 33. Is p(-10) a prime number?
True
Let j(q) = q**2 - q + 2. Let a be j(0). Let x be 3186/12*a/3. Is 12/6*(2 + x) a composite number?
True
Let d(s) = s**2 + s - 3. Let m be d(-8). Let n = 184 - m. Is n composite?
False
Suppose -1398*v = -1369*v - 3000659. Is v a composite number?
False
Let q(c) = 7*c. Let k be q(0). Suppose k = 17*j - 18*j + 323. Is j prime?
False
Is (-4252521)/(-52) - 1/4 a composite number?
True
Let s(p) = 1731*p**2 - 41*p - 319. Is s(-7) a composite number?
False
Suppose -3*y + 18 = 4*g, 19*g + 3*y + 6 = 23*g. Suppose -5*w + 0*w - 12083 = -g*m, 4*w = -4*m + 16132. Is m a composite number?
True
Suppose -36*o - 5*c + 64465 = -31*o, 0 = -4*o + 4*c + 51540. Is o composite?
False
Is 44/12 - (12/(-54) + 114/(-54)) prime?
False
Let r(w) = -503*w + 176*w + 77 + 2311*w - 81 + 1477*w. Is r(1) a prime number?
True
Let c(m) = -1351*m**3 - 4*m**2 + 16*m + 113. Is c(-6) composite?
False
Suppose -k - 4*k = 15. Is 1067*(k + -5 + 9) composite?
True
Let c(z) = 75*z**3 - 10*z**2 - 9*z + 59. Is c(12) prime?
True
Let b = 3595 - -13426. Is b prime?
True
Suppose 14*m - 91849 = 204545. Is m/(((-6)/4)/((-3)/6)) a composite number?
False
Let v(p) = 124*p**2 + 1419*p - 128. Is v(-41) a composite number?
True
Let t be -3 - (-60)/18 - (-69)/9. Suppose t*m = 2390 + 2562. Is m prime?
True
Let b(s) = 8*s**3 + 8*s**2 + 4*s + 20. Let w(q) = 16*q**3 + 15*q**2 + 10*q + 41. Let l(m) = -7*b(m) + 3*w(m). Is l(-7) a composite number?
True
Suppose v - 5*x + 3 = 10, 4*x = -4*v - 92. Let z(l) = -1524*l + 77. Is z(v) a prime number?
True
Suppose i - 383485 = -33*j + 28*j, 5*j = 3